{"id":2775,"date":"2016-11-29T17:17:35","date_gmt":"2016-11-29T15:17:35","guid":{"rendered":"http:\/\/portailsolidarites.fr\/Koupela\/wp-content\/uploads\/2016\/11\/19-SALON-2016.jpg"},"modified":"2016-11-29T17:17:35","modified_gmt":"2016-11-29T15:17:35","slug":"19-salon-2016","status":"inherit","type":"attachment","link":"http:\/\/portailsolidarites.fr\/Koupela\/2016\/11\/29\/26-et-27-novembre-2016-20-ans-du-salon-des-vins-et-de-letiquette\/19-salon-2016\/","title":{"rendered":"19-salon-2016"},"author":2,"featured_media":0,"comment_status":"closed","ping_status":"closed","template":"","meta":{"_uag_custom_page_level_css":""},"class_list":["post-2775","attachment","type-attachment","status-inherit","hentry"],"description":{"rendered":"<p class=\"attachment\"><a href='http:\/\/portailsolidarites.fr\/Koupela\/wp-content\/uploads\/2016\/11\/19-SALON-2016.jpg'><img loading=\"lazy\" decoding=\"async\" width=\"300\" height=\"225\" src=\"http:\/\/portailsolidarites.fr\/Koupela\/wp-content\/uploads\/2016\/11\/19-SALON-2016-300x225.jpg\" class=\"attachment-medium size-medium\" alt=\"\" srcset=\"http:\/\/portailsolidarites.fr\/Koupela\/wp-content\/uploads\/2016\/11\/19-SALON-2016-300x225.jpg 300w, http:\/\/portailsolidarites.fr\/Koupela\/wp-content\/uploads\/2016\/11\/19-SALON-2016-768x576.jpg 768w, http:\/\/portailsolidarites.fr\/Koupela\/wp-content\/uploads\/2016\/11\/19-SALON-2016.jpg 800w\" sizes=\"auto, (max-width: 300px) 100vw, 300px\" \/><\/a><\/p>\n"},"caption":{"rendered":"<p>Discours \u00ab\u00a0protocolaires\u00a0\u00bb d&rsquo;inauguration. De gauche \u00e0 droite, M. Grollemund, consul honoraire du BF ;  Andr\u00e9 Fabre, pr\u00e9sident du comite et Najoua Ayache, adjointe responsable des associations. <a href=\"http:\/\/portailsolidarites.fr\/Koupela\/2016\/11\/29\/26-et-27-novembre-2016-20-ans-du-salon-des-vins-et-de-letiquette\/19-salon-2016\/\">Continuer la lecture <span class=\"meta-nav\">&rarr;<\/span><\/a><\/p>\n"},"alt_text":"","media_type":"image","mime_type":"image\/jpeg","media_details":{"width":800,"height":600,"file":"2016\/11\/19-SALON-2016.jpg","filesize":82233,"sizes":{"medium":{"file":"19-SALON-2016-300x225.jpg","width":300,"height":225,"filesize":26871,"mime_type":"image\/jpeg","source_url":"http:\/\/portailsolidarites.fr\/Koupela\/wp-content\/uploads\/2016\/11\/19-SALON-2016-300x225.jpg"},"thumbnail":{"file":"19-SALON-2016-150x150.jpg","width":150,"height":150,"filesize":18052,"mime_type":"image\/jpeg","source_url":"http:\/\/portailsolidarites.fr\/Koupela\/wp-content\/uploads\/2016\/11\/19-SALON-2016-150x150.jpg"},"medium_large":{"file":"19-SALON-2016-768x576.jpg","width":768,"height":576,"filesize":75053,"mime_type":"image\/jpeg","source_url":"http:\/\/portailsolidarites.fr\/Koupela\/wp-content\/uploads\/2016\/11\/19-SALON-2016-768x576.jpg"},"full":{"file":"19-SALON-2016.jpg","width":800,"height":600,"mime_type":"image\/jpeg","source_url":"http:\/\/portailsolidarites.fr\/Koupela\/wp-content\/uploads\/2016\/11\/19-SALON-2016.jpg"}},"image_meta":{"aperture":"2.8","credit":"","camera":"Canon PowerShot G16","caption":"","created_timestamp":"1480166927","copyright":"","focal_length":"22.796","iso":"400","shutter_speed":"0.0025","title":"","orientation":"1","keywords":[]}},"post":2770,"source_url":"http:\/\/portailsolidarites.fr\/Koupela\/wp-content\/uploads\/2016\/11\/19-SALON-2016.jpg","_links":{"self":[{"href":"http:\/\/portailsolidarites.fr\/Koupela\/wp-json\/wp\/v2\/media\/2775","targetHints":{"allow":["GET"]}}],"collection":[{"href":"http:\/\/portailsolidarites.fr\/Koupela\/wp-json\/wp\/v2\/media"}],"about":[{"href":"http:\/\/portailsolidarites.fr\/Koupela\/wp-json\/wp\/v2\/types\/attachment"}],"author":[{"embeddable":true,"href":"http:\/\/portailsolidarites.fr\/Koupela\/wp-json\/wp\/v2\/users\/2"}],"replies":[{"embeddable":true,"href":"http:\/\/portailsolidarites.fr\/Koupela\/wp-json\/wp\/v2\/comments?post=2775"}],"wp:attached-to":[{"embeddable":true,"post_type":"post","id":2770,"href":"http:\/\/portailsolidarites.fr\/Koupela\/wp-json\/wp\/v2\/posts\/2770"}],"curies":[{"name":"wp","href":"https:\/\/api.w.org\/{rel}","templated":true}]}}

<p>Discours « protocolaires » d&rsquo;inauguration. De gauche à droite, M. Grollemund, consul honoraire du BF ;  André Fabre, président du comite et Najoua Ayache, adjointe responsable des associations. <a href="http://portailsolidarites.fr/Koupela/2016/11/29/26-et-27-novembre-2016-20-ans-du-salon-des-vins-et-de-letiquette/19-salon-2016/">Continuer la lecture <span class="meta-nav">&rarr;</span></a></p>
