{"id":1999,"date":"2013-12-16T12:58:31","date_gmt":"2013-12-16T10:58:31","guid":{"rendered":"http:\/\/portailsolidarites.fr\/amicalelaiquegrigny\/?page_id=1999"},"modified":"2013-12-16T12:58:31","modified_gmt":"2013-12-16T10:58:31","slug":"lyon-le-15-decembre-2013","status":"publish","type":"page","link":"https:\/\/portailsolidarites.fr\/Amicale\/activites\/randonnee-pedestre\/photos\/lyon-le-15-decembre-2013\/","title":{"rendered":"Lyon, le 15 d\u00e9cembre 2013"},"content":{"rendered":"<p>Rando \u00e0 Lyon dimanche 15 d\u00e9cembre 2013:<\/p>\n<p>26 randonneurs pour les Confluences, les quais de la Saone dans le brouillard, le repas \u00e0 Vaise,\u00a0et retour par le nouveau tunnel de la Croix Rousse pour terminer \u00e0 la Part Dieu par le Rh\u00f4ne.<\/p>\n<p>Une Super ballade avec une adh\u00e9rente ( Nicole Valy) comme guide!<\/p>\n<p><a href=\"http:\/\/portailsolidarites.fr\/amicalelaiquegrigny\/files\/2013\/12\/IMG_5984.jpg\"><img loading=\"lazy\" decoding=\"async\" class=\"aligncenter size-full wp-image-2000\" alt=\"IMG_5984\" src=\"http:\/\/portailsolidarites.fr\/amicalelaiquegrigny\/files\/2013\/12\/IMG_5984.jpg\" width=\"640\" height=\"480\" \/><\/a><\/p>\n<p>&nbsp;<\/p>\n<p><a href=\"http:\/\/portailsolidarites.fr\/amicalelaiquegrigny\/files\/2013\/12\/IMG_5986.jpg\"><img loading=\"lazy\" decoding=\"async\" class=\"aligncenter size-full wp-image-2001\" alt=\"IMG_5986\" src=\"http:\/\/portailsolidarites.fr\/amicalelaiquegrigny\/files\/2013\/12\/IMG_5986.jpg\" width=\"640\" height=\"480\" \/><\/a><\/p>\n<p><a href=\"http:\/\/portailsolidarites.fr\/amicalelaiquegrigny\/files\/2013\/12\/IMG_5989.jpg\"><img loading=\"lazy\" decoding=\"async\" class=\"aligncenter size-full wp-image-2002\" alt=\"IMG_5989\" src=\"http:\/\/portailsolidarites.fr\/amicalelaiquegrigny\/files\/2013\/12\/IMG_5989.jpg\" width=\"640\" height=\"480\" \/><\/a><\/p>\n<p>&nbsp;<\/p>\n<p>&nbsp;<\/p>\n<p><a href=\"http:\/\/portailsolidarites.fr\/amicalelaiquegrigny\/files\/2013\/12\/IMG_5998.jpg\"><img loading=\"lazy\" decoding=\"async\" class=\"aligncenter size-full wp-image-2003\" alt=\"IMG_5998\" src=\"http:\/\/portailsolidarites.fr\/amicalelaiquegrigny\/files\/2013\/12\/IMG_5998.jpg\" width=\"640\" height=\"480\" \/><\/a><\/p>\n<p>&nbsp;<\/p>\n<p>&nbsp;<\/p>\n<p><a href=\"http:\/\/portailsolidarites.fr\/amicalelaiquegrigny\/files\/2013\/12\/IMG_6003.jpg\"><img loading=\"lazy\" decoding=\"async\" class=\"aligncenter size-full wp-image-2004\" alt=\"IMG_6003\" src=\"http:\/\/portailsolidarites.fr\/amicalelaiquegrigny\/files\/2013\/12\/IMG_6003.jpg\" width=\"640\" height=\"480\" \/><\/a><\/p>\n<p>&nbsp;<\/p>\n<p><a href=\"http:\/\/portailsolidarites.fr\/amicalelaiquegrigny\/files\/2013\/12\/IMG_6004.jpg\"><img loading=\"lazy\" decoding=\"async\" class=\"aligncenter size-full wp-image-2005\" alt=\"IMG_6004\" src=\"http:\/\/portailsolidarites.fr\/amicalelaiquegrigny\/files\/2013\/12\/IMG_6004.jpg\" width=\"640\" height=\"397\" \/><\/a><\/p>\n<p>&nbsp;<\/p>\n<p><a href=\"http:\/\/portailsolidarites.fr\/amicalelaiquegrigny\/files\/2013\/12\/IMG_6008.jpg\"><img loading=\"lazy\" decoding=\"async\" class=\"aligncenter size-full wp-image-2006\" alt=\"IMG_6008\" src=\"http:\/\/portailsolidarites.fr\/amicalelaiquegrigny\/files\/2013\/12\/IMG_6008.jpg\" width=\"640\" height=\"480\" \/><\/a><\/p>\n<p><a href=\"http:\/\/portailsolidarites.fr\/amicalelaiquegrigny\/files\/2013\/12\/IMG_6018.jpg\"><img loading=\"lazy\" decoding=\"async\" class=\"aligncenter size-full wp-image-2007\" alt=\"IMG_6018\" src=\"http:\/\/portailsolidarites.fr\/amicalelaiquegrigny\/files\/2013\/12\/IMG_6018.jpg\" width=\"640\" height=\"480\" \/><\/a><\/p>\n<p><a href=\"http:\/\/portailsolidarites.fr\/amicalelaiquegrigny\/files\/2013\/12\/IMG_6022.jpg\"><img loading=\"lazy\" decoding=\"async\" class=\"aligncenter size-full wp-image-2008\" alt=\"IMG_6022\" src=\"http:\/\/portailsolidarites.fr\/amicalelaiquegrigny\/files\/2013\/12\/IMG_6022.jpg\" width=\"640\" height=\"480\" \/><\/a><\/p>\n","protected":false},"excerpt":{"rendered":"<p>Rando \u00e0 Lyon dimanche 15 d\u00e9cembre 2013: 26 randonneurs pour les Confluences, les quais de la Saone dans le brouillard, le repas \u00e0 Vaise,\u00a0et retour par le nouveau tunnel de la Croix Rousse pour terminer \u00e0 la Part Dieu par &hellip; <a href=\"https:\/\/portailsolidarites.fr\/Amicale\/activites\/randonnee-pedestre\/photos\/lyon-le-15-decembre-2013\/\">Continuer la lecture <span class=\"meta-nav\">&rarr;<\/span><\/a><\/p>\n","protected":false},"author":2,"featured_media":0,"parent":1988,"menu_order":11,"comment_status":"open","ping_status":"open","template":"","meta":{"_uag_custom_page_level_css":"","footnotes":""},"class_list":["post-1999","page","type-page","status-publish","hentry"],"uagb_featured_image_src":{"full":false,"thumbnail":false,"medium":false,"medium_large":false,"large":false,"1536x1536":false,"2048x2048":false,"post-thumbnail":false},"uagb_author_info":{"display_name":"amicalelaiquegrigny","author_link":"https:\/\/portailsolidarites.fr\/Amicale\/author\/amicalelaiquegrigny\/"},"uagb_comment_info":0,"uagb_excerpt":"Rando \u00e0 Lyon dimanche 15 d\u00e9cembre 2013: 26 randonneurs pour les Confluences, les quais de la Saone dans le brouillard, le repas \u00e0 Vaise,\u00a0et retour par le nouveau tunnel de la Croix Rousse pour terminer \u00e0 la Part Dieu par &hellip; Continuer la lecture &rarr;","_links":{"self":[{"href":"https:\/\/portailsolidarites.fr\/Amicale\/wp-json\/wp\/v2\/pages\/1999","targetHints":{"allow":["GET"]}}],"collection":[{"href":"https:\/\/portailsolidarites.fr\/Amicale\/wp-json\/wp\/v2\/pages"}],"about":[{"href":"https:\/\/portailsolidarites.fr\/Amicale\/wp-json\/wp\/v2\/types\/page"}],"author":[{"embeddable":true,"href":"https:\/\/portailsolidarites.fr\/Amicale\/wp-json\/wp\/v2\/users\/2"}],"replies":[{"embeddable":true,"href":"https:\/\/portailsolidarites.fr\/Amicale\/wp-json\/wp\/v2\/comments?post=1999"}],"version-history":[{"count":0,"href":"https:\/\/portailsolidarites.fr\/Amicale\/wp-json\/wp\/v2\/pages\/1999\/revisions"}],"up":[{"embeddable":true,"href":"https:\/\/portailsolidarites.fr\/Amicale\/wp-json\/wp\/v2\/pages\/1988"}],"wp:attachment":[{"href":"https:\/\/portailsolidarites.fr\/Amicale\/wp-json\/wp\/v2\/media?parent=1999"}],"curies":[{"name":"wp","href":"https:\/\/api.w.org\/{rel}","templated":true}]}}