{"id":759,"date":"2012-03-29T16:35:12","date_gmt":"2012-03-29T15:35:12","guid":{"rendered":"http:\/\/portailsolidarites.fr\/amicalelaiquegrigny\/?page_id=759"},"modified":"2024-09-02T11:02:32","modified_gmt":"2024-09-02T09:02:32","slug":"laicite","status":"publish","type":"page","link":"https:\/\/portailsolidarites.fr\/Amicale\/laicite\/","title":{"rendered":"La\u00efcit\u00e9"},"content":{"rendered":"<p style=\"text-align: center;\"><span style=\"text-decoration: underline; color: #ff0000;\"><em>La la\u00efcit\u00e9 est une valeur fondamentale de notre soci\u00e9t\u00e9, valeur \u00e0 laquelle l&rsquo;Amicale La\u00efque est tr\u00e8s attach\u00e9e.<\/em><\/span><\/p>\n<h3><strong><span style=\"color: #800000;\">\u00ab\u00a0La la\u00efcit\u00e9 n&rsquo;est pas une opinion, c&rsquo;est la libert\u00e9 d&rsquo;en avoir une.\u00a0\u00bb<\/span><\/strong><\/h3>\n<h4><span style=\"color: #330099;\"><strong><em>La la\u00efcit\u00e9: un principe constitutionnel:\u00a0<\/em>\u00a0<\/strong>\u00a0<\/span><br \/>\n<span style=\"color: #330099;\">\u00a0\u00a0\u00a0\u00a0\u00a0 &#8211; autonomie du politique \u00e0 l&rsquo;\u00e9gard du religieux, <\/span><br \/>\n<span style=\"color: #330099;\">\u00a0\u00a0\u00a0\u00a0\u00a0 &#8211; ind\u00e9pendance de la citoyennet\u00e9 \u00e0 l&rsquo;\u00e9gard des origines ou des appartenances confessionnelles,<\/span><br \/>\n<span style=\"color: #330099;\">\u00a0\u00a0\u00a0\u00a0\u00a0 &#8211; s\u00e9paration des Eglises et de l&rsquo;Etat (l&rsquo;Etat est neutre vis-\u00e0-vis des religions)<\/span><\/h4>\n<h4>\u00a0<span style=\"color: #009900;\"><em><strong>La la\u00efcit\u00e9 garantit:<\/strong><\/em><br \/>\n&#8211; les libert\u00e9s de conscience, de pens\u00e9es, d&rsquo;opinion, de culte, d&rsquo;expression,<br \/>\n&#8211; l&rsquo;\u00e9galit\u00e9 de traitement des individus .<\/span><\/h4>\n<p><a href=\"https:\/\/fol69.org\/\">En savoir plus sur le site de la FOL<\/a>\u00a0(F\u00e9d\u00e9ration des oeuvres la\u00efques)<\/p>\n<p>&nbsp;<\/p>\n","protected":false},"excerpt":{"rendered":"<p>La la\u00efcit\u00e9 est une valeur fondamentale de notre soci\u00e9t\u00e9, valeur \u00e0 laquelle l&rsquo;Amicale La\u00efque est tr\u00e8s attach\u00e9e. \u00ab\u00a0La la\u00efcit\u00e9 n&rsquo;est pas une opinion, c&rsquo;est la libert\u00e9 d&rsquo;en avoir une.\u00a0\u00bb La la\u00efcit\u00e9: un principe constitutionnel:\u00a0\u00a0\u00a0 \u00a0\u00a0\u00a0\u00a0\u00a0 &#8211; autonomie du politique \u00e0 &hellip; <a href=\"https:\/\/portailsolidarites.fr\/Amicale\/laicite\/\">Continuer la lecture <span class=\"meta-nav\">&rarr;<\/span><\/a><\/p>\n","protected":false},"author":2,"featured_media":0,"parent":0,"menu_order":6,"comment_status":"open","ping_status":"open","template":"","meta":{"_uag_custom_page_level_css":"","footnotes":""},"class_list":["post-759","page","type-page","status-publish","hentry"],"uagb_featured_image_src":{"full":false,"thumbnail":false,"medium":false,"medium_large":false,"large":false,"1536x1536":false,"2048x2048":false,"post-thumbnail":false},"uagb_author_info":{"display_name":"amicalelaiquegrigny","author_link":"https:\/\/portailsolidarites.fr\/Amicale\/author\/amicalelaiquegrigny\/"},"uagb_comment_info":0,"uagb_excerpt":"La la\u00efcit\u00e9 est une valeur fondamentale de notre soci\u00e9t\u00e9, valeur \u00e0 laquelle l&rsquo;Amicale La\u00efque est tr\u00e8s attach\u00e9e. \u00ab\u00a0La la\u00efcit\u00e9 n&rsquo;est pas une opinion, c&rsquo;est la libert\u00e9 d&rsquo;en avoir une.\u00a0\u00bb La la\u00efcit\u00e9: un principe constitutionnel:\u00a0\u00a0\u00a0 \u00a0\u00a0\u00a0\u00a0\u00a0 &#8211; autonomie du politique \u00e0 &hellip; Continuer la lecture &rarr;","_links":{"self":[{"href":"https:\/\/portailsolidarites.fr\/Amicale\/wp-json\/wp\/v2\/pages\/759","targetHints":{"allow":["GET"]}}],"collection":[{"href":"https:\/\/portailsolidarites.fr\/Amicale\/wp-json\/wp\/v2\/pages"}],"about":[{"href":"https:\/\/portailsolidarites.fr\/Amicale\/wp-json\/wp\/v2\/types\/page"}],"author":[{"embeddable":true,"href":"https:\/\/portailsolidarites.fr\/Amicale\/wp-json\/wp\/v2\/users\/2"}],"replies":[{"embeddable":true,"href":"https:\/\/portailsolidarites.fr\/Amicale\/wp-json\/wp\/v2\/comments?post=759"}],"version-history":[{"count":2,"href":"https:\/\/portailsolidarites.fr\/Amicale\/wp-json\/wp\/v2\/pages\/759\/revisions"}],"predecessor-version":[{"id":3817,"href":"https:\/\/portailsolidarites.fr\/Amicale\/wp-json\/wp\/v2\/pages\/759\/revisions\/3817"}],"wp:attachment":[{"href":"https:\/\/portailsolidarites.fr\/Amicale\/wp-json\/wp\/v2\/media?parent=759"}],"curies":[{"name":"wp","href":"https:\/\/api.w.org\/{rel}","templated":true}]}}