{"id":1975,"date":"2014-07-08T18:48:52","date_gmt":"2014-07-08T16:48:52","guid":{"rendered":"http:\/\/portailsolidarites.fr\/grigny-koupela\/?page_id=1975"},"modified":"2014-07-08T18:48:52","modified_gmt":"2014-07-08T16:48:52","slug":"le-faso-net","status":"publish","type":"page","link":"https:\/\/portailsolidarites.fr\/Koupela\/liens-et-partenaires\/le-faso-net\/","title":{"rendered":"LeFaso.net"},"content":{"rendered":"<p>Une mani\u00e8re de<strong> suivre, jour apr\u00e8s jour, l&rsquo;actualit\u00e9<\/strong> boursi\u00e8re, politique, \u00e9conomique, sportive&#8230;<strong> au Burkina Faso.<\/strong><\/p>\n","protected":false},"excerpt":{"rendered":"<p>Une mani\u00e8re de suivre, jour apr\u00e8s jour, l&rsquo;actualit\u00e9 boursi\u00e8re, politique, \u00e9conomique, sportive&#8230; au Burkina Faso.<\/p>\n","protected":false},"author":2,"featured_media":0,"parent":1956,"menu_order":3,"comment_status":"open","ping_status":"open","template":"","meta":{"_uag_custom_page_level_css":"","footnotes":""},"class_list":["post-1975","page","type-page","status-publish","hentry"],"uagb_featured_image_src":{"full":false,"thumbnail":false,"medium":false,"medium_large":false,"large":false,"1536x1536":false,"2048x2048":false,"post-thumbnail":false},"uagb_author_info":{"display_name":"grigny-koupela","author_link":"https:\/\/portailsolidarites.fr\/Koupela\/author\/grigny-koupela\/"},"uagb_comment_info":0,"uagb_excerpt":"Une mani\u00e8re de suivre, jour apr\u00e8s jour, l&rsquo;actualit\u00e9 boursi\u00e8re, politique, \u00e9conomique, sportive&#8230; au Burkina Faso.","_links":{"self":[{"href":"https:\/\/portailsolidarites.fr\/Koupela\/wp-json\/wp\/v2\/pages\/1975","targetHints":{"allow":["GET"]}}],"collection":[{"href":"https:\/\/portailsolidarites.fr\/Koupela\/wp-json\/wp\/v2\/pages"}],"about":[{"href":"https:\/\/portailsolidarites.fr\/Koupela\/wp-json\/wp\/v2\/types\/page"}],"author":[{"embeddable":true,"href":"https:\/\/portailsolidarites.fr\/Koupela\/wp-json\/wp\/v2\/users\/2"}],"replies":[{"embeddable":true,"href":"https:\/\/portailsolidarites.fr\/Koupela\/wp-json\/wp\/v2\/comments?post=1975"}],"version-history":[{"count":0,"href":"https:\/\/portailsolidarites.fr\/Koupela\/wp-json\/wp\/v2\/pages\/1975\/revisions"}],"up":[{"embeddable":true,"href":"https:\/\/portailsolidarites.fr\/Koupela\/wp-json\/wp\/v2\/pages\/1956"}],"wp:attachment":[{"href":"https:\/\/portailsolidarites.fr\/Koupela\/wp-json\/wp\/v2\/media?parent=1975"}],"curies":[{"name":"wp","href":"https:\/\/api.w.org\/{rel}","templated":true}]}}

<p>Une manière de<strong> suivre, jour après jour, l&rsquo;actualité</strong> boursière, politique, économique, sportive&#8230;<strong> au Burkina Faso.</strong></p>

<p>Une manière de suivre, jour après jour, l&rsquo;actualité boursière, politique, économique, sportive&#8230; au Burkina Faso.</p>

Une manière de suivre, jour après jour, l&rsquo;actualité boursière, politique, économique, sportive&#8230; au Burkina Faso.
